{"id":6,"date":"2021-01-24T07:31:04","date_gmt":"2021-01-24T07:31:04","guid":{"rendered":"https:\/\/www.xn--elinfysio-w2a.fi\/liikuttavan\/?page_id=6"},"modified":"2021-02-14T11:39:46","modified_gmt":"2021-02-14T11:39:46","slug":"home","status":"publish","type":"page","link":"https:\/\/www.liikuttavan.fi\/","title":{"rendered":"Kennel Liikuttavan"},"content":{"rendered":"\n<figure class=\"wp-block-image size-large is-style-rounded\"><img loading=\"lazy\" decoding=\"async\" width=\"1024\" height=\"683\" src=\"https:\/\/www.xn--elinfysio-w2a.fi\/liikuttavan\/wp-content\/uploads\/2021\/02\/WhatsApp-Image-2021-02-07-at-16.37.55.jpeg\" alt=\"Liekki agility\" class=\"wp-image-65\" srcset=\"https:\/\/www.xn--elinfysio-w2a.fi\/liikuttavan\/wp-content\/uploads\/2021\/02\/WhatsApp-Image-2021-02-07-at-16.37.55.jpeg 1024w, https:\/\/www.xn--elinfysio-w2a.fi\/liikuttavan\/wp-content\/uploads\/2021\/02\/WhatsApp-Image-2021-02-07-at-16.37.55-300x200.jpeg 300w, https:\/\/www.xn--elinfysio-w2a.fi\/liikuttavan\/wp-content\/uploads\/2021\/02\/WhatsApp-Image-2021-02-07-at-16.37.55-768x512.jpeg 768w\" sizes=\"auto, (max-width: 1024px) 100vw, 1024px\" \/><\/figure>\n\n\n\n<p>Tervetuloa Kennel Liikuttavan nettisivuille. Viimeisimm\u00e4t kuulumiset toiminnastamme l\u00f6yd\u00e4t Instagramista nimell\u00e4 @liikuttavan<\/p>\n\n\n\n<p>Liikuttavan kennel kasvattaa bordercollieita pienimuotoisesti Espoossa. Pennut kasvavat lapsiperheess\u00e4 tottuen el\u00e4m\u00e4n normaaleihin \u00e4\u00e4niin ja perheen muihin koiriin. Pentujen yksil\u00f6llist\u00e4 fyysist\u00e4 kehityst\u00e4 tukee el\u00e4infysioterapeutti p\u00e4ivitt\u00e4in. Pennut sirutetaan, madotetaan, rekister\u00f6id\u00e4\u00e4n ja k\u00e4ytet\u00e4\u00e4n l\u00e4\u00e4k\u00e4rin tarkastuksessa ennen luovutusta.<\/p>\n\n\n\n<p>Pennut luovutetaan 8 viikon ik\u00e4isin\u00e4. Pennut luovutetaan ennen kaikkea perheenj\u00e4seniksi. Toivomme tulevilta omistajilta aktiivista el\u00e4m\u00e4ntapaa ja koirakokemusta. Pentujen kanssa toivotaan osallistuttavan joihinkin koiraharrastuksiin, ilolla ja hyvinvointi edell\u00e4.<\/p>\n\n\n\n<p>Parhaiten tavoitat meid\u00e4t s\u00e4hk\u00f6postilla info@liikuttavan.fi<\/p>\n\n\n\n<p>Marko Huikuri<\/p>\n","protected":false},"excerpt":{"rendered":"<p>Tervetuloa Kennel Liikuttavan nettisivuille. Viimeisimm\u00e4t kuulumiset toiminnastamme l\u00f6yd\u00e4t Instagramista nimell\u00e4 @liikuttavan Liikuttavan kennel kasvattaa bordercollieita pienimuotoisesti Espoossa. Pennut kasvavat lapsiperheess\u00e4 tottuen el\u00e4m\u00e4n normaaleihin \u00e4\u00e4niin ja perheen muihin koiriin. Pentujen yksil\u00f6llist\u00e4 fyysist\u00e4 kehityst\u00e4 tukee el\u00e4infysioterapeutti p\u00e4ivitt\u00e4in. Pennut sirutetaan, madotetaan, rekister\u00f6id\u00e4\u00e4n ja k\u00e4ytet\u00e4\u00e4n l\u00e4\u00e4k\u00e4rin tarkastuksessa ennen luovutusta. Pennut luovutetaan 8 viikon ik\u00e4isin\u00e4. Pennut luovutetaan ennen kaikkea perheenj\u00e4seniksi. [&hellip;]<\/p>\n","protected":false},"author":1,"featured_media":0,"parent":0,"menu_order":0,"comment_status":"closed","ping_status":"closed","template":"","meta":{"footnotes":""},"class_list":["post-6","page","type-page","status-publish","hentry"],"yoast_head":"<!-- This site is optimized with the Yoast SEO plugin v16.2 - https:\/\/yoast.com\/wordpress\/plugins\/seo\/ -->\n<title>Kennel Liikuttavan - Kennel Liikuttavan<\/title>\n<meta name=\"robots\" content=\"index, follow, max-snippet:-1, max-image-preview:large, max-video-preview:-1\" \/>\n<link rel=\"canonical\" href=\"https:\/\/www.liikuttavan.fi\/\" \/>\n<meta property=\"og:locale\" content=\"en_US\" \/>\n<meta property=\"og:type\" content=\"article\" \/>\n<meta property=\"og:title\" content=\"Kennel Liikuttavan - Kennel Liikuttavan\" \/>\n<meta property=\"og:description\" content=\"Tervetuloa Kennel Liikuttavan nettisivuille. Viimeisimm\u00e4t kuulumiset toiminnastamme l\u00f6yd\u00e4t Instagramista nimell\u00e4 @liikuttavan Liikuttavan kennel kasvattaa bordercollieita pienimuotoisesti Espoossa. Pennut kasvavat lapsiperheess\u00e4 tottuen el\u00e4m\u00e4n normaaleihin \u00e4\u00e4niin ja perheen muihin koiriin. Pentujen yksil\u00f6llist\u00e4 fyysist\u00e4 kehityst\u00e4 tukee el\u00e4infysioterapeutti p\u00e4ivitt\u00e4in. Pennut sirutetaan, madotetaan, rekister\u00f6id\u00e4\u00e4n ja k\u00e4ytet\u00e4\u00e4n l\u00e4\u00e4k\u00e4rin tarkastuksessa ennen luovutusta. Pennut luovutetaan 8 viikon ik\u00e4isin\u00e4. Pennut luovutetaan ennen kaikkea perheenj\u00e4seniksi. [&hellip;]\" \/>\n<meta property=\"og:url\" content=\"https:\/\/www.liikuttavan.fi\/\" \/>\n<meta property=\"og:site_name\" content=\"Kennel Liikuttavan\" \/>\n<meta property=\"article:modified_time\" content=\"2021-02-14T11:39:46+00:00\" \/>\n<meta property=\"og:image\" content=\"https:\/\/www.xn--elinfysio-w2a.fi\/liikuttavan\/wp-content\/uploads\/2021\/02\/WhatsApp-Image-2021-02-07-at-16.37.55.jpeg\" \/>\n<meta name=\"twitter:card\" content=\"summary_large_image\" \/>\n<meta name=\"twitter:label1\" content=\"Est. reading time\">\n\t<meta name=\"twitter:data1\" content=\"1 minute\">\n<script type=\"application\/ld+json\" class=\"yoast-schema-graph\">{\"@context\":\"https:\/\/schema.org\",\"@graph\":[{\"@type\":\"WebSite\",\"@id\":\"https:\/\/www.liikuttavan.fi\/#website\",\"url\":\"https:\/\/www.liikuttavan.fi\/\",\"name\":\"Kennel Liikuttavan\",\"description\":\"\",\"potentialAction\":[{\"@type\":\"SearchAction\",\"target\":\"https:\/\/www.liikuttavan.fi\/?s={search_term_string}\",\"query-input\":\"required name=search_term_string\"}],\"inLanguage\":\"en\"},{\"@type\":\"ImageObject\",\"@id\":\"https:\/\/www.liikuttavan.fi\/#primaryimage\",\"inLanguage\":\"en\",\"url\":\"https:\/\/www.xn--elinfysio-w2a.fi\/liikuttavan\/wp-content\/uploads\/2021\/02\/WhatsApp-Image-2021-02-07-at-16.37.55.jpeg\",\"contentUrl\":\"https:\/\/www.xn--elinfysio-w2a.fi\/liikuttavan\/wp-content\/uploads\/2021\/02\/WhatsApp-Image-2021-02-07-at-16.37.55.jpeg\",\"width\":1024,\"height\":683},{\"@type\":\"WebPage\",\"@id\":\"https:\/\/www.liikuttavan.fi\/#webpage\",\"url\":\"https:\/\/www.liikuttavan.fi\/\",\"name\":\"Kennel Liikuttavan - Kennel Liikuttavan\",\"isPartOf\":{\"@id\":\"https:\/\/www.liikuttavan.fi\/#website\"},\"primaryImageOfPage\":{\"@id\":\"https:\/\/www.liikuttavan.fi\/#primaryimage\"},\"datePublished\":\"2021-01-24T07:31:04+00:00\",\"dateModified\":\"2021-02-14T11:39:46+00:00\",\"breadcrumb\":{\"@id\":\"https:\/\/www.liikuttavan.fi\/#breadcrumb\"},\"inLanguage\":\"en\",\"potentialAction\":[{\"@type\":\"ReadAction\",\"target\":[\"https:\/\/www.liikuttavan.fi\/\"]}]},{\"@type\":\"BreadcrumbList\",\"@id\":\"https:\/\/www.liikuttavan.fi\/#breadcrumb\",\"itemListElement\":[{\"@type\":\"ListItem\",\"position\":1,\"item\":{\"@type\":\"WebPage\",\"@id\":\"https:\/\/www.liikuttavan.fi\/\",\"url\":\"https:\/\/www.liikuttavan.fi\/\",\"name\":\"Home\"}},{\"@type\":\"ListItem\",\"position\":2,\"item\":{\"@id\":\"https:\/\/www.liikuttavan.fi\/#webpage\"}}]}]}<\/script>\n<!-- \/ Yoast SEO plugin. -->","_links":{"self":[{"href":"https:\/\/www.liikuttavan.fi\/index.php?rest_route=\/wp\/v2\/pages\/6","targetHints":{"allow":["GET"]}}],"collection":[{"href":"https:\/\/www.liikuttavan.fi\/index.php?rest_route=\/wp\/v2\/pages"}],"about":[{"href":"https:\/\/www.liikuttavan.fi\/index.php?rest_route=\/wp\/v2\/types\/page"}],"author":[{"embeddable":true,"href":"https:\/\/www.liikuttavan.fi\/index.php?rest_route=\/wp\/v2\/users\/1"}],"replies":[{"embeddable":true,"href":"https:\/\/www.liikuttavan.fi\/index.php?rest_route=%2Fwp%2Fv2%2Fcomments&post=6"}],"version-history":[{"count":12,"href":"https:\/\/www.liikuttavan.fi\/index.php?rest_route=\/wp\/v2\/pages\/6\/revisions"}],"predecessor-version":[{"id":111,"href":"https:\/\/www.liikuttavan.fi\/index.php?rest_route=\/wp\/v2\/pages\/6\/revisions\/111"}],"wp:attachment":[{"href":"https:\/\/www.liikuttavan.fi\/index.php?rest_route=%2Fwp%2Fv2%2Fmedia&parent=6"}],"curies":[{"name":"wp","href":"https:\/\/api.w.org\/{rel}","templated":true}]}}